3/2 - 2*y**2 + 5*y. Determine z(u).
5
Let d(w) = -4*w + 1 - 6 + 1 - w**2 + 2. Let f be -2 + ((-2)/(-4))/(7/(-14)). What is d(f)?
1
Let f(b) be the third derivative of b**6/20 + b**4/8 - 8*b**2. Let z(g) = -g**3 - g. Let a(i) = -f(i) - 4*z(i). Determine a(-1).
1
Let v be (-10 + 2)*(-2)/4. Suppose -a = -6*a - v*x + 21, -2*a + 22 = 5*x. Let r(m) = 29*m**2 - m + 19*m**2 - 39*m**2. Give r(a).
8
Let c(v) = v**2. Suppose -5*x - 5 + 1 = -4*b, 4*b - 2*x + 8 = 0. Let f(q) = 3*q**2 - 3*q + 2. Let r(d) = b*c(d) + f(d). Determine r(-4).
-2
Let j(r) = -r**2 + 8*r - 4. Let d(m) = m**3 - 7*m**2 - 14*m + 56. Let q be d(8). What is j(q)?
-4
Let v = -13 - -20. Let z(q) = q - 17. Determine z(v).
-10
Let l(p) = p**3 + 4*p**2 - 8*p - 4. Suppose -52*t + 229 - 541 = 0. Give l(t).
-28
Let y(q) = -37*q - 48*q + 1 - 41*q + 127*q. Calculate y(-5).
-4
Let g(z) = -z**3 - 7*z**2 + 10*z + 11. Suppose 29*w + 120 = 14*w. Calculate g(w).
-5
Let u(w) = -3*w + 67. Let s be u(24). Let k(d) = 5*d**2 - 9*d + 2. Let o(i) = -12*i**2 + 19*i - 3. Let y(v) = s*k(v) - 2*o(v). What is y(7)?
-4
Let d(g) be the second derivative of -9/2*g**2 + 0 - 4*g + 1/6*g**3. Let v = 66 + -58. Determine d(v).
-1
Let w(q) = -q**2 - q + 2. Let f = 26 + -22. Suppose -2*g = -l - 7, 2*g - 7 - 9 = f*l. What is w(l)?
-4
Let g(w) = -9*w - 24. Let i(q) = q + 2. Let k(x) = -2*g(x) - 21*i(x). Calculate k(3).
-3
Suppose 5*d - 2*p = -25, -3*p + 76 = -2*d + 77. Let a(k) be the first derivative of -k**4/4 - 7*k**3/3 + 8*k + 2. Calculate a(d).
8
Let f(u) = -7*u - 12. Suppose 12*z = -51 - 33. Let o(b) = -8*b - 13. Let k(h) = z*f(h) + 6*o(h). What is k(-10)?
-4
Let k(b) = -b + 6. Let p = 20 + -4. Let h be 3*((-10)/(-3))/(-1). Let v = p + h. Determine k(v).
0
Let m(y) be the third derivative of y**5/20 + y**4/24 + y**2. Let s be m(-1). Let t(x) = 1 - x - s*x - 6 + 4*x. Give t(-5).
-10
Suppose -6*d + 12*d - 6 = 0. Let x(f) = 40*f - 1. What is x(d)?
39
Let m = 3 - 4. Let p(o) = -14*o - 37. Let r(g) = -5*g - 13. Let c(t) = 6*p(t) - 17*r(t). Give c(m).
-2
Suppose 2*c - 1 + 9 = 5*t, t = -4*c - 16. Let s(i) = i**2 - 4*i - 2. Let m be s(5). Let h(a) = m + t*a - 3*a + 2 - 2. Calculate h(2).
-3
Let z(x) = -x**2 - 9*x - 3. Let n be (-6)/(-16) - -413*(-12)/672. What is z(n)?
11
Let a(j) = -j**3 - 7*j**2 + j + 6. Let l(r) = r**3 + 8*r**2 - r - 7. Let k(v) = -3*a(v) - 2*l(v). Give k(-5).
1
Let g(f) = -10*f - 2 + 3 - 4*f. Suppose 3*t = 89*a - 90*a + 4, 0 = -2*t - a + 3. Calculate g(t).
-13
Let w(d) = d - 2. Let i be w(2). Let l be i/(-2*(-1 - -2)). Suppose 0 = -l*v - v - 6. Let m(b) = b**2 + 6*b - 7. Determine m(v).
-7
Let w = 672 - 680. Let d(k) = -k + 2. Give d(w).
10
Let q(s) = -s**2 + 7*s + 4. Let m = -32 + 32. Suppose 0 = -o + 5*a + 23 + 4, m = 4*o + 4*a - 12. Determine q(o).
4
Let q(t) = t + 4. Let v = -12 + 32. Suppose 4*d - v = 3*d. Suppose -4*f + 4*n - d = 0, -f + 5*n = -3*f + 11. What is q(f)?
2
Let w(h) = -h + 2. Let o(z) = -1. Let g(i) = 5*o(i) + w(i). Give g(4).
-7
Let z(j) = -3*j. Suppose 4*x = -0*x + 60. Suppose -18*v + 3 = -x*v. Determine z(v).
-3
Let y = -15 - -59. Suppose -39*j + y*j = -25. Let f(s) = -2*s. What is f(j)?
10
Let j(x) = x**3 + 6*x**2 + 4*x - 8. Suppose 0 = i - q + 8, 159 = -2*i - 4*q + 167. Calculate j(i).
8
Suppose 0 = 3*o - o + 6. Let z(r) = -r**2 - 5*r - 3. Let d be z(o). Suppose 0 = 5*a + 4*p - 10, 2*a - d*a - 5*p = 19. Let u(k) = -k + 8. What is u(a)?
2
Let z(c) be the first derivative of c**3/3 + 11*c**2 + 15*c - 536. What is z(-21)?
-6
Let w(g) = -g**2 - 5*g - 2. Suppose -24 = 4*c + 4*p, 3*p + p = -3*c - 17. Let a = 7 + c. Let m = -5 + a. Calculate w(m).
-2
Let l(s) = -5*s**3 - 2*s**2 + s - 2. Let c(o) = 11*o**3 + 4*o**2 - 2*o + 4. Let m = 14 - 27. Let k(u) = m*l(u) - 6*c(u). Calculate k(2).
0
Let z(j) be the first derivative of 7*j**6/360 - j**5/40 + j**4/24 + 3*j**3 + 20. Let u(m) be the third derivative of z(m). Give u(2).
23
Let o(t) = t**3 + 8*t**2 - 3*t - 9. Let q be o(-8). Let h = q + -11. Suppose x - h = -x + m, 0 = -3*x + 4*m + 11. Let u(j) = -10*j**2 + j - 1. Give u(x).
-10
Suppose -110*p = -104*p + 24. Let r(f) = -5*f**2 - 36*f - 36. Let a(c) = -c**2 - 7*c - 7. Let o(v) = -11*a(v) + 2*r(v). Calculate o(p).
1
Let u(a) = -a - 9. Suppose -n + 11 = -5. Suppose 4*q = n + 20. Suppose -5 = 2*o + q. Determine u(o).
-2
Suppose 5*g + f - 16 = 0, -g = -3*f - 24 + 8. Let t(i) be the third derivative of -1/60*i**5 + 0*i + 0 + 1/6*i**4 - 1/3*i**3 - i**2. What is t(g)?
-2
Let k(c) be the first derivative of -c**4/4 + 2*c**3/3 - 3*c**2/2 + 3*c + 8. What is k(2)?
-3
Suppose -x - 7 = 1. Let j(m) = -2*m - 6. Let o(f) = 2*f + 4. Let w(z) = -4*j(z) - 3*o(z). Calculate w(x).
-4
Let i(m) = -2*m - 48. Let k(z) = 3*z + 88. Let d(h) = -7*i(h) - 4*k(h). Determine d(12).
8
Let j = -235 - -131. Let g = 100 + j. Let h(w) = 4*w - 6 + 1 - 2*w. What is h(g)?
-13
Let o be (-3 + 5 + -1)*3. Suppose 20 = -c - 5*r - 2, o*c + r = -10. Let b be c/(-4)*(6 - 8). Let h(l) = 5*l**3 - 2*l**2 - l. Calculate h(b).
-6
Suppose 5*x - 1 = -6. Let y be -3 + (-6 - -3 - -11). Let c(w) = 1 - 2*w**2 - 2*w**3 - 4*w**3 + y*w**3. What is c(x)?
0
Suppose 2*w = -4*w + 24. Suppose -w*k + 5 = -7. Let s(f) = -1 + 2*f + 5 - 3*f. Calculate s(k).
1
Let v(p) = -3*p**2 - 25*p + 80. Let s be v(-11). Let k(b) = 2*b + 9. Determine k(s).
-7
Let f(o) be the second derivative of -o**3/6 - 3*o**2/2 + o. Let v be ((-36)/15)/3 - 1/5. Let a be v/(-1)*(11 - 11). Calculate f(a).
-3
Let w(v) = -2*v**2 + 13*v - 55. Let r(b) = -b**2 + 6*b - 27. Let f(u) = -7*r(u) + 3*w(u). Let s(l) be the first derivative of f(l). Give s(-3).
-9
Let c be 4 - (-40)/5*1. Suppose -c = -17*h + 19*h. Let m(u) = u**3 + 6*u**2 - 2*u. Calculate m(h).
12
Suppose n + 4*g + 12 = -5, -n + g = -3. Let o(u) be the first derivative of -u**2/2 - 2*u + 590. What is o(n)?
-1
Let z(h) = 5*h**2 - 34*h - 17. Let o be z(7). Let k(u) = -u**3 - 9*u**2 + 9*u - 22. Determine k(o).
-12
Let c(s) = -1 - s - s**2 + 1 + 2. Suppose -4 = 6*p - 8*p. Suppose h = -2*v - 7, 0 = -v + h + 3 - p. What is c(v)?
0
Let v(h) = 26*h - 22. Let d(s) = -23*s + 22. Let n(p) = 4*d(p) + 3*v(p). What is n(2)?
-6
Let v(c) = 5*c**2 + 78*c - 20. Let o(f) = f**2 + 19*f - 5. Let d(p) = -9*o(p) + 2*v(p). Calculate d(11).
-39
Let c = -241 - -246. Let x(u) = -3*u + 11. Calculate x(c).
-4
Let o(z) = z**2 + 2. Let a(k) = k**3 - 3*k**2 + 5*k - 1. Let g be a(1). Calculate o(g).
6
Let k(b) be the second derivative of -b**4/12 + 7*b**3/6 + 3*b**2/2 - 16*b + 2. Determine k(7).
3
Let a = -11 + 22. Suppose a = 4*g - 13. Let t(q) be the third derivative of q**6/120 - q**5/12 - 7*q**4/24 + q**3/2 - q**2. What is t(g)?
-3
Suppose 0 = -7*q + 14*q - 21. Let s(x) be the first derivative of 2*x**2 + 4 - 3*x - 1/3*x**q. Determine s(3).
0
Suppose -29 = -5*h - 0*h - 2*n, h - 5*n = 22. Let v be 3/h - 190/35. Let y(m) = -m - 11. What is y(v)?
-6
Suppose 37*l + 40 = -4*z + 42*l, 2*z = 2*l - 18. Let t(x) = x**2 + 6*x + 1. Calculate t(z).
-4
Let w be 9/((-1)/(4/6)). Suppose 3*k - 3*a - 9 = -33, -2*a = -4. Let n be k/2 - (w - 1). Let g(l) = -l**3 + 5*l**2 - 3*l + 3. Determine g(n).
7
Let s(y) = -y**3 + 6*y**2 - y - 11. Let f be (-1088)/(-192) + (-1)/(-3). Calculate s(f).
-17
Suppose 2*g + 77 = 13*g. Let v(m) = 2*m**3 - m**2 - 5*m - 4. Let r(n) = -n**3 + 2*n + 2. Let l(p) = 11*r(p) + 6*v(p). Give l(g).
-9
Let t(g) be the first derivative of -9/2*g**2 - g + 1/3*g**3 - 5. What is t(7)?
-15
Let g = 2 + -7. Let l(h) = -h**2 + h + 1. Let y(v) = -7*v. Let r(t) = 4*l(t) + y(t). Let q(z) = 3*z**2 + 2*z - 4. Let j(c) = g*q(c) - 4*r(c). Calculate j(-3).
7
Let t(c) = c**2 + 6*c + 3. Suppose 2*d - d - 6 = -3*k, -5*d + 10 = 5*k. Suppose -2*i - 3*i - 25 = d. Calculate t(i).
-2
Let a(g) be the second derivative of -12*g + 2*g**2 + 0 + 1/3*g**3. What is a(6)?
16
Let w(n) = 2*n**2 - 1. Let s = -775 + 772. Calculate w(s).
17
Let q(f) be the first derivative of -f**4/4 + f**3/3 + 3*f**2/2 + f - 2. Suppose -27 = -14*o + 15. Give q(o).
-8
Suppose 3*g - 11*d + 7*d = 29, 31 = 3*g - 5*d. Let t be (-10)/(-4) + (-4)/(-8). Let u(y) = 4 - y + 3*y - t*y. Calculate u(g).
-3
Let p be 10/(-8) + -2 + (-18)/(-8). Let u be (2/6)/(p/(-18)*1). Let j(b) = -b**2 + 2*b + 8. What is j(u)?
-16
Let y(m) be the first derivative of -3 + 1/3*m**3 - 7/2*m**2 - 9*m. What is y(7)?
-9
Let s(j) = -j**2 - 6*j - 15. 